nd 2?
2
What is the greatest common divisor of 141 and 9654?
3
Calculate the highest common divisor of 20 and 59960.
20
What is the greatest common factor of 1326484 and 5300?
212
What is the greatest common factor of 72187280 and 1210?
110
What is the highest common divisor of 1226 and 7442?
2
Calculate the highest common divisor of 15282724 and 356.
356
Calculate the highest common factor of 6738 and 16682165.
1123
Calculate the highest common factor of 2233385 and 92816.
5801
What is the greatest common factor of 324216 and 174432?
1896
Calculate the highest common factor of 558 and 14816760.
186
Calculate the highest common divisor of 6385 and 368840.
5
What is the greatest common divisor of 1839 and 13095519?
1839
Calculate the highest common divisor of 4947504360 and 426.
426
Calculate the greatest common divisor of 588 and 1116003.
21
Calculate the greatest common factor of 392 and 80179092.
196
What is the highest common factor of 286675670 and 20?
10
What is the greatest common divisor of 48995 and 26794290?
1195
What is the greatest common divisor of 49877033 and 387?
43
What is the highest common divisor of 16804738 and 51?
17
Calculate the greatest common factor of 510846 and 4235.
7
What is the greatest common divisor of 45957456 and 31536?
432
What is the greatest common factor of 27650 and 1379350?
350
What is the highest common divisor of 60088 and 16538410?
406
What is the highest common factor of 840 and 51036440?
280
Calculate the greatest common factor of 6671717 and 494.
247
What is the greatest common factor of 72 and 418771356?
12
Calculate the highest common divisor of 1042 and 1170824544.
1042
Calculate the highest common factor of 1080596 and 492.
164
What is the greatest common divisor of 406053 and 1815939?
729
What is the greatest common factor of 952 and 11798?
34
Calculate the greatest common divisor of 238222 and 1102.
38
What is the highest common divisor of 46644 and 917046?
78
What is the greatest common divisor of 115821 and 36516?
51
What is the greatest common divisor of 3240883 and 15203?
661
Calculate the greatest common factor of 2692 and 1326483.
673
What is the highest common divisor of 4676 and 2247152?
668
What is the highest common divisor of 4025511 and 17523?
1593
What is the greatest common factor of 313649732 and 1914?
638
Calculate the greatest common divisor of 156419248 and 12496.
1136
Calculate the greatest common divisor of 4530882 and 8.
2
Calculate the greatest common divisor of 591364 and 90628.
652
Calculate the highest common divisor of 1822518 and 33174.
342
What is the greatest common factor of 4160 and 2153456?
16
What is the greatest common factor of 78889336 and 144371?
6277
Calculate the greatest common factor of 367032 and 676254.
246
What is the highest common factor of 4735136 and 672?
224
Calculate the highest common factor of 16046965 and 30195.
3355
Calculate the highest common factor of 12629 and 407761.
173
Calculate the greatest common divisor of 16 and 782752.
16
What is the greatest common divisor of 89859 and 223512009?
8169
Calculate the greatest common divisor of 464 and 6384524.
116
Calculate the greatest common divisor of 173469 and 104569.
53
Calculate the highest common factor of 1695730 and 17365.
755
Calculate the greatest common factor of 7497670 and 40.
10
Calculate the highest common factor of 129198 and 86742.
366
Calculate the highest common divisor of 861168 and 122738.
154
What is the greatest common divisor of 2640 and 2573484?
12
Calculate the highest common divisor of 416216 and 3000.
8
Calculate the greatest common divisor of 5143174410 and 627.
627
Calculate the greatest common factor of 195280 and 68880.
80
What is the highest common factor of 4530 and 108636195?
2265
What is the highest common factor of 201247460 and 240?
20
Calculate the greatest common divisor of 2138 and 909258.
2
Calculate the greatest common factor of 132110339 and 213.
71
What is the highest common factor of 544 and 1498432?
32
Calculate the highest common divisor of 736 and 31136296.
184
What is the highest common divisor of 36984070 and 70?
10
What is the greatest common divisor of 69907 and 6413?
53
Calculate the highest common factor of 7690 and 52837990.
7690
Calculate the greatest common factor of 1528260 and 7980.
60
Calculate the greatest common divisor of 338864713 and 451.
451
Calculate the greatest common divisor of 8330 and 62730.
170
Calculate the highest common factor of 23896 and 1190392.
232
What is the highest common divisor of 10805516 and 116?
116
Calculate the highest common factor of 601400 and 14477.
31
What is the greatest common factor of 70 and 1019738125?
35
Calculate the highest common factor of 3115 and 14786015.
445
What is the greatest common factor of 76803930 and 69930?
1890
What is the highest common divisor of 5670 and 31696110?
810
Calculate the highest common divisor of 130 and 665106.
26
What is the greatest common factor of 5029719309 and 1977?
1977
Calculate the greatest common divisor of 42655 and 78185.
95
What is the greatest common divisor of 26380442 and 8742?
2914
What is the highest common factor of 38502 and 2443014?
1242
Calculate the greatest common factor of 5496 and 226146660.
2748
What is the highest common divisor of 1740 and 20157581?
29
What is the highest common divisor of 1029150 and 24?
6
What is the highest common divisor of 5610 and 965085?
165
Calculate the greatest common factor of 820985 and 8302195.
1265
Calculate the highest common divisor of 21421100 and 240.
20
Calculate the greatest common factor of 20221851 and 39.
39
What is the greatest common divisor of 22320372 and 39556?
3596
Calculate the highest common divisor of 614355 and 2905.
35
Calculate the greatest common factor of 22201620 and 1470.
210
Calculate the greatest common divisor of 7 and 3248987.
7
What is the greatest common factor of 96 and 5776392?
24
Calculate the highest common divisor of 7065 and 90360.
45
What is the greatest common divisor of 4058955 and 126?
9
What is the greatest common factor of 1610807760 and 2760?
2760
Calculate the greatest common factor of 118 and 58046914.
118
What is the greatest common divisor of 1440 and 64451760?
240
Calculate the highest common divisor of 1187564 and 172426.
146
What is the highest common divisor of 6781352 and 40?
8
Calculate the greatest common divisor of 105 and 20511309.
21
Calculate the highest common divisor of 129260 and 1610.
230
What is the highest common divisor of 55638236 and 30460?
6092
Calculate the highest common factor of 225128532 and 12.
12
What is the greatest common factor of 10864 and 3239800?
776
What is the greatest common factor of 29736 and 43371?
9
What is the greatest common divisor of 20415451 and 28?
7
What is the greatest common factor of 29097 and 18126?
477
Calculate the highest common factor of 304247 and 26725697.
16013
What is the greatest common divisor of 4490911 and 713?
23
What is the highest common divisor of 73 and 156932918?
73
What is the greatest common divisor of 473 and 2834557?
11
What is the highest common factor of 10086 and 3960518?
82
What is the highest common divisor of 4060 and 2535470?
2030
Calculate the highest common factor of 135665960 and 57360.
9560
What is the greatest common divisor of 8844 and 248796?
12
What is the highest common divisor of 528631038 and 273?
39
What is the highest common divisor of 28797 and 18328?
29
Calculate the highest common factor of 1004 and 189606906.
502
Calculate the greatest common divisor of 416 and 5087744.
32
What is the highest common factor of 26529713 and 7?
7
Calculate the greatest common divisor of 5997942 and 36.
18
What is the highest common divisor of 218531346 and 9?
3
What is the greatest common divisor of 2532830 and 8493370?
7990
Calculate the highest common divisor of 976 and 11051492.
244
Calculate the highest common divisor of 41534644 and 596.
596
Calculate the highest common divisor of 3530741 and 61.
61
Calculate the greatest common factor of 315 and 5008535.
35
Calculate the greatest common divisor of 65 and 1525705285.
65
Calculate the greatest common divisor of 2016236 and 249.
83
What is the highest common factor of 11138994 and 18?
18
Calculate the greatest common facto